e -2*d + 5*p - 2 = n*p, -3*d + 23 = 2*p. What is the remainder when b is divided by d?
4
Let s be (15/(-9) - -1) + 11/3. Let u be ((-26)/10 + s)/(4/5240). Suppose 9*l + 173 = u. What is the remainder when 115 is divided by l?
37
Let x(a) = -49 + 44*a - 40*a - 12. Calculate the remainder when 53 is divided by x(22).
26
Let w = 169 + -141. Suppose -r - b = -w - 16, 5*r - 236 = -b. Suppose 42*d = r*d - 150. What is the remainder when 99 is divided by d?
24
Suppose 5*t = 3*b + 1390, -4*b - b + 1390 = 5*t. Let z = 338 - t. What is the remainder when 299 is divided by z?
59
Suppose -5*p = -p + 3*h - 39, 43 = 3*p + 5*h. Let v = p - 5. Let b(i) = 16*i - 415. Calculate the remainder when b(26) is divided by v.
0
Suppose 122 = -b + 117. Calculate the remainder when (-3)/b - 18331/(-115) is divided by 15.
10
Let k(d) = -d**3 - 8*d**2 + 12*d + 22. Let r be k(-9). Let a be (-1)/(-10)*62 - (-1)/r. Suppose -a*p + 13 = -329. What is the remainder when p is divided by 12?
9
Let h = 8381 - 8303. What is the remainder when h is divided by 6?
0
Suppose -85*l = -103*l + 288. What is the remainder when 212 is divided by l?
4
Let u(n) = -14*n - 52. Let x be 7/2*(-152)/133. Calculate the remainder when 25 is divided by u(x).
1
Suppose w + 90 - 71 = 4*u, 2 = 2*w. Let i = 10 - 5. Suppose 0 = 2*r - u*p - 102, 5*p = 2*r - i*r + 103. Calculate the remainder when r is divided by 15.
11
Let l(n) = 4*n**2 + 2*n + 16. Let f(j) = -3*j - 4 + 5*j + 8*j**2 + 8. Calculate the remainder when l(5) is divided by f(-2).
30
Let b = -5 + 10. Let k(f) = -2*f - 3*f - b*f + 18. Calculate the remainder when k(-6) is divided by 27.
24
Let a = 17 + -10. Suppose -5*v - 962 = 3*f - 1432, -188 = -2*v - 5*f. Calculate the remainder when v is divided by 23*1 + -6 + a.
22
Calculate the remainder when 880 is divided by (-15672)/(-57) + (-33)/(-627).
55
Let b = 35 - 41. Let n be 30/4 - 1*3/b. Let r(q) = -4*q + 44. What is the remainder when r(n) is divided by 5?
2
Let f = -13649 - -13696. What is the remainder when 3021 is divided by f?
13
Suppose 4*h - 2*j = 100, 197*h - 202*h + j = -131. Calculate the remainder when 195 is divided by h.
6
Let n = 60 - 46. Suppose -112 = n*r - 7*r. Let o(a) = -3*a - 12. What is the remainder when 105 is divided by o(r)?
33
Let n = -393 - -409. Suppose 570 = 3*q + n*q. What is the remainder when 137 is divided by q?
17
Let v(p) = -p**2 + 9*p + 6. Let i be v(9). Let b be 0/(5/(-1 + i)). Suppose b*h + 7*h = 280. Calculate the remainder when h is divided by 11.
7
Let c = 310 - 245. Calculate the remainder when c is divided by (-2)/(-3)*(110 + -44).
21
Let x = 25290 + -25246. What is the remainder when 3823 is divided by x?
39
Let c = 625 - 597. Calculate the remainder when 2070 is divided by c.
26
Calculate the remainder when 13616/5 + (-32)/160 is divided by 105.
98
Let d = -8073 + 8239. What is the remainder when d is divided by 45/7 + 3/(-7)?
4
Let k = 606 - 586. Suppose 0 = l + 7 - 22. Suppose -k*h + 25*h - l = 0. What is the remainder when 14 is divided by h?
2
Suppose -1 = -g, 0 = 4*j - 4*g - 2*g - 1146. Calculate the remainder when j is divided by 47.
6
Let q(y) = -y**2 - 133*y - 3908. Suppose 5*d = 5*z - 24 - 36, 2*z = -4*d + 18. What is the remainder when q(-88) is divided by z?
8
Let d(m) = 2*m**3 - 7*m**2 - 6*m + 5. Let p be (-2)/17 + (-209)/(-187). Let a be (-3 + 8)/(2 - p). What is the remainder when d(a) is divided by 18?
14
Let y(b) = b**3 - 9*b**2 - 20*b - 9. Let w be y(11). Suppose -74 = -w*z + 43. Calculate the remainder when 15 is divided by z.
6
Suppose -24*j - 4 = -484. Suppose -12 = 17*b - 20*b. What is the remainder when j is divided by b?
0
Let l(g) = 10*g**2 + 90*g + 10. Suppose w + 9 = 2*n, 0*w - 18 = 2*w - n. What is the remainder when 126 is divided by l(w)?
6
Let t = -727 - -805. Let d = -32 + 23. Calculate the remainder when t is divided by (-358)/d - (-8)/36.
38
Let a be (-49)/(1 - 8) + 37. Suppose 652 = 48*k - a*k - 4*h, -5*h = 5*k - 765. Calculate the remainder when k is divided by 26.
2
Suppose -4*i + 3*b = -44, -5 + 13 = 2*i + 2*b. Suppose 0 = -2*x + 3*o + 51, 0 = x - i*o + 12*o + 2. What is the remainder when 737 is divided by x?
17
Let k be 1 - 1 - 1 - 6. Let s(i) = -i**3 - 20*i**2 - 19*i - 15. Let r be s(-19). Let t = k - r. Calculate the remainder when 29 is divided by t.
5
Suppose 265*g + 81*g - 21452 = 0. Calculate the remainder when 4028 is divided by g.
60
What is the remainder when -249*(-483)/54 + (-1)/6 is divided by 24?
19
Let i(f) = 47*f + 2. Let u be i(3). Suppose -8*n = 3*n - u. Calculate the remainder when 87 is divided by n.
9
Suppose -118*z - 8 = -120*z. Suppose 0 = -z*g + 177 + 27. Suppose -5*r + 4*r = -9. Calculate the remainder when g is divided by r.
6
Suppose -6746*x = -6656*x - 5940. Suppose 5 = -3*f - 2*f. What is the remainder when x is divided by -38*3/(-6) + f?
12
Suppose 0*w + 68 = w + q, q + 267 = 4*w. Let c be (-5 + 4)*8 + 55. Suppose h = -2*m + c, m + 8*h - 7*h - 24 = 0. What is the remainder when w is divided by m?
21
Suppose -76 = -b + 2*g, g - 128 = -4*b + 131. Suppose -6*o + 72 + b = 0. What is the remainder when ((-12)/(-15)*-2)/(33/(-825)) is divided by o?
17
Suppose -3*n = -12*n - 4302. Calculate the remainder when n/(-8) - 58/(-232) is divided by 21.
18
Suppose 137*c + 37 = 142*c - 3*a, -2*c - 4*a = -20. Calculate the remainder when 1286 is divided by c.
6
Let m be (-3)/(-4)*4 + -3. Suppose 31 = p - m*p. What is the remainder when p is divided by ((273/(-9))/7)/((-2)/6)?
5
Let f = -195 + 193. What is the remainder when 16 is divided by (15/25)/(f/(-30))?
7
Let l(f) = -48*f + 1983. What is the remainder when 326 is divided by l(41)?
11
Let d(p) = -8*p - 165. What is the remainder when 1357 is divided by d(-32)?
83
Let r = 295 + -174. Let s = 19 + -14. Suppose 489 = s*z - r. What is the remainder when z is divided by 25?
22
Suppose 0 = 19*c - 3643 - 15186. Let o = c - 855. Calculate the remainder when o is divided by 53.
30
Calculate the remainder when 430 is divided by 344/40 + (-5)/(25/3).
6
Let u be (-1)/(5/90*-2). Let v = 37 - u. Calculate the remainder when 82 is divided by v.
26
Let z(c) = c**3 + 38*c**2 + 111*c - 101. What is the remainder when z(-34) is divided by 105?
14
Let i be 4 + (-6)/(-3) + 0. Suppose -3*y + i = -3, 2*y - 174 = -3*z. What is the remainder when z is divided by 45/6 + 6 + (-6)/(-4)?
11
Let a(y) = 7*y**2 + 3*y + 2. Let h(r) = -r. Let x(m) = a(m) + 4*h(m). Calculate the remainder when ((-20)/(-12))/(398/198 - 2) is divided by x(2).
25
Calculate the remainder when ((-6)/9)/((-2)/240) is divided by ((-2)/(-11) + (-3848)/(-858))/(6/27).
17
Let l(o) = -7*o**2 + o + 16. Let g be l(5). Let u = -44 - g. Suppose -3*w + u + 28 = d, 3*d + w = 374. What is the remainder when d is divided by 42?
39
Let h(q) = q**2 - 13*q - 1. Suppose 0*a = 6*a - 288. Let k be (-2)/(2/a*-3). Calculate the remainder when h(k) is divided by 12.
11
Calculate the remainder when 840 is divided by (-3)/3*(-41 - (14 - 5)).
40
Suppose 46956 + 6458 = 13*t - 8063. What is the remainder when t is divided by 83?
81
Let m = -61 + 64. Let b be (-3)/(-2 + -1)*0 + m. Suppose -b*i + 5*k = -18 - 310, 4*k + 218 = 2*i. Calculate the remainder when i is divided by 38.
35
Suppose 488 - 362 = -25*b + 1251. Calculate the remainder when 4587 is divided by b.
42
Let s = 283 - 186. Let i(o) = 44*o - 289. Let r be i(5). Let x = s + r. Calculate the remainder when 107 is divided by x.
23
Let s(u) = -17*u. Let x(k) = k**2 - 666 + 623 + 5*k + 3*k. What is the remainder when s(-5) is divided by x(-13)?
19
Suppose 36*g + 3 = 35*g. Let v be (8/(-4))/(g/72). Suppose -2*q + 108 = -v. Calculate the remainder when q is divided by 27.
24
Suppose 0 = v - 2*t, -5*v + 14 = 2*t + 2*t. Let o(z) = z**3 - 3*z**2 + 2*z - 15. What is the remainder when o(5) is divided by 6/12 - (v - 105/6)?
13
Suppose 3315 = -23*y + 3614. What is the remainder when 2520 is divided by y?
11
Let o(c) = -641*c + 5297. Calculate the remainder when 1026 is divided by o(8).
12
Suppose 4*a - 3 = 7*p - 4*p, 4*a + 2*p = 18. Suppose -3*j = -o - 30, 4*o - 22 - 23 = -a*j. Calculate the remainder when 54 is divided by j.
10
Let y = 3918 + -3837. What is the remainder when y is divided by 32?
17
Suppose w + 8*d - 4*d - 79 = 0, -2*w + 2*d = -158. Let k = -249766 + 250012. Ca